t p(l) = 6*l - 42. Let q be p(8). Let d be (q - -76)*(-1 + 2/4). Let y = 122 - d. What is the units digit of y?
3
Let y = 64 - 19. Let u be 10/y - 21/(-27) - -1. Suppose k - u = -6, -4*k + 96 = s. What is the units digit of s?
2
Let z = 126 - 126. Suppose 5*c = -2*x + 421, z*x + 3*c = -5*x + 1062. Let j = -54 + x. What is the tens digit of j?
5
Let i = 15128 - 5042. What is the hundreds digit of i?
0
Let f(p) = -p**2 + 4*p + 16. Let q be f(6). Suppose -j = -q*k + 205, -2*k + 96 = 5*j - 23. What is the tens digit of k?
5
Let b be (2 - 16)*7/14. Let z(d) = -d**3 - 3*d**2 + 15*d - 9. Let j be z(b). Suppose -2*t = -184 - j. What is the hundreds digit of t?
1
Let p = -7084 + 18629. What is the ten thousands digit of p?
1
Suppose -4*f + 9*f + 2*o + 523 = 0, 2*f + 4*o = -222. Let h = f + 334. Suppose -2*r - 2 = -8, 3*r = 2*y - h. What is the units digit of y?
0
Let x(k) = -11*k**3 - 14*k**2 + 38*k + 6. What is the units digit of x(-12)?
2
Let q = -5331 + 9020. What is the hundreds digit of q?
6
Suppose -4*j + 2*v + 70 = 0, -50 - 4 = -3*j + 3*v. Let u = -40 + j. Let l = u - -69. What is the units digit of l?
6
What is the tens digit of ((3482/(-7) - 2) + -2)*(-8 - -1)?
1
Let c = 155 - 150. Suppose -252 = c*l + 2*j - 802, 0 = -2*j - 10. What is the hundreds digit of l?
1
Suppose 2*t - 920 - 188 = 0. Let a = t + -435. What is the units digit of a?
9
What is the thousands digit of (-16890)/(-9)*54/15?
6
Suppose -2*l - 654 = 3*b + 233, 4*l - b + 1767 = 0. Let v = 765 + l. Suppose -5*s + 45 = -4*h + v, -2*h = -5*s - 144. What is the tens digit of h?
6
Let x = -116 + 123. Suppose 3*r + x*r = 4090. What is the units digit of r?
9
Suppose -139 = -5*j + 1746. Suppose -782 = -2*s - 3*f, -4*f - f = s - j. What is the units digit of s?
7
Let g(i) be the second derivative of i**4/12 + i**3/6 - 4*i**2 + 3*i. Let l be g(-6). What is the units digit of (11/(l/(-28)))/(-2)?
7
Let m be (1/4 + -1)/((-3)/24). Let s(q) = q**2 - 9*q + 21. Let l be s(m). Suppose -3*y + l*f = 4*f - 71, -3*f + 63 = 3*y. What is the units digit of y?
5
Suppose 10*n + 2*k - 10 = 5*n, -4*n + k - 5 = 0. Suppose n = 8*o - 201 - 3951. What is the hundreds digit of o?
5
Let k(m) = m**3 + 124*m**2 - 180*m + 219. What is the tens digit of k(-125)?
9
Suppose 16*a - 21*a + 2360 = 0. Suppose -c + 286 = -a. Let t = -521 + c. What is the tens digit of t?
3
Let j(a) = 21 + 350*a - 189*a + 560*a + 2. What is the thousands digit of j(2)?
1
Suppose -2*c - 14*c = 10*c - 298324. What is the hundreds digit of c?
4
Suppose -392*d - 403207 = -427*d + 40243. What is the tens digit of d?
7
Suppose t + 3 = -29. Let i be (1/(-2))/(-2 + (-60)/t). Suppose 0 = -3*y - i*z + 325, 4*y - 301 = z + 164. What is the units digit of y?
5
Suppose -14*k + 1 = -55. Suppose q - 1061 = -k*o, -4*q = -4*o - 7*q + 1071. What is the tens digit of o?
6
Suppose 4*b - 30908 = -5*l, -4*b - l = -37999 + 7091. What is the units digit of b?
7
Suppose 3550 = -8*b - 2*b. Let h = b + 519. What is the hundreds digit of h?
1
Let s(a) = -a**3 + 3*a**2 - a + 4. Let o(x) = x + 6. Let i be o(-3). Let b be s(i). What is the units digit of (b + 0/(-2))/(13/91)?
7
Suppose -6407 + 13014 = 13*c - 5821. What is the tens digit of c?
5
Let o(i) = -3*i**3 + 20*i**2 + 5*i + 16. Let h be o(7). Let n be (2 - -13) + -1 + 1. Let g = h + n. What is the units digit of g?
7
Suppose 0 = 5*h, 5*t - 11 + 1 = 4*h. Let x(b) = -b**2 + 15*b - 41. Let s be x(14). Let n = t - s. What is the units digit of n?
9
Let n(f) = -f**3 - 6*f**2 - 2*f + 11. Let a be n(-5). Let k be 3 + (-171 - a) - -3. Let x = -67 - k. What is the tens digit of x?
9
Let s(a) = -53*a**3 + 3*a**2 - 13*a - 13. What is the ten thousands digit of s(-7)?
1
Let t(z) = 27*z**2 - 24*z + 10. Let b be t(4). Let w = b - 215. What is the hundreds digit of w?
1
Let m be ((-72)/16 + 3)*(2 - 4). Suppose 0 = -4*t - 2*d + 1794, -85 + 1437 = m*t - 5*d. What is the hundreds digit of t?
4
Let i(m) = -3*m - 45. Suppose -4*v + 13 + 51 = 0. Let r be i(v). Let n = 190 + r. What is the units digit of n?
7
Suppose -3*c - 7*c - 140 = 0. What is the tens digit of 192/((-18)/c + -1)?
7
Let w be (-70)/(-4) - (28/(-8) + 5). Let x(q) = 2*q**2 - 21*q + 34. What is the tens digit of x(w)?
1
Let h = -3303 + 3287. Suppose -103 = 4*d - i, i = -3*d - 3*i - 63. Let l = h - d. What is the units digit of l?
9
Let z be (-181)/(6/9 + 68/(-84)). Suppose -b = -4*a + z, 123 + 187 = a + 2*b. What is the hundreds digit of a?
3
Let i = 929 + 9524. What is the ten thousands digit of i?
1
What is the hundreds digit of (-6)/(-9) - (-31)/(1302/333284)?
9
Suppose 4651*z + 817102 = 4673*z. What is the thousands digit of z?
7
Suppose 328*m + b - 89998 = 323*m, -3*m + b = -53986. What is the thousands digit of m?
7
Suppose -18 + 9 = -3*n. Suppose -4 = 2*k, s + n*k - k - 1 = 0. Suppose 2*j - j + 270 = 5*t, -2*t + s*j = -85. What is the tens digit of t?
5
Suppose -i + 441*u + 3031 = 440*u, -3*u - 15 = 0. What is the units digit of i?
6
Suppose 5*v = 2*l + 189960, 38*v + 4*l + 37992 = 39*v. What is the hundreds digit of v?
9
Let f = 398 - 405. What is the tens digit of (-2)/f - 4002/(-7)?
7
Let d be ((-15)/(-6) + -4)/(5/(-10)). Suppose -602 = d*y - 2213. What is the hundreds digit of y?
5
Let y be ((-40)/14)/(-2*2/14). Suppose -12*g = -y*g - 14. Suppose -g*w + 1344 = 5*w. What is the units digit of w?
2
Let n be (4 + -5)/((-1)/337). Let z = n - 71. What is the hundreds digit of z?
2
Let v(m) = -13*m + 95. Let w be v(13). Let r = 122 + w. What is the tens digit of r?
4
Let d be 7/(-21)*-4 - (-1)/(-3). Let f(b) = -5*b - 9*b - d - 1 - 8. What is the units digit of f(-4)?
6
Let a = 586 - -2744. Suppose 6*p = 3*d + 10*p - a, 5*d - 5539 = -3*p. What is the units digit of d?
6
What is the tens digit of (15/10 + -1)/((1/4694)/1)?
4
Let s(m) = 6*m - 1. Let t(n) = -145*n + 10. Let f(v) = 3*s(v) - t(v). What is the tens digit of f(2)?
1
Suppose 26*a - 29*a = -15. Suppose a*y - 1308 = 3*y - 2*p, 5*p + 2634 = 4*y. What is the tens digit of y?
5
Suppose 17*g + 84 = 31*g. Suppose g = -2*y, f + 220 = 2*f - 3*y. What is the hundreds digit of f?
2
Let w(h) = -13*h**2 - 14 + 110*h + 4*h**2 + 17 + 6*h**2. What is the tens digit of w(33)?
6
Suppose -l - 41*h + 11227 = -38*h, 5*l - 2*h - 56169 = 0. What is the ten thousands digit of l?
1
Let v(q) = 216*q + 151. Let d(b) = b**2 - 49*b - 44. Let l be d(50). What is the hundreds digit of v(l)?
4
Let p(d) = 26*d + 17. Let h be p(12). Let s = h + -94. Let u = s + -165. What is the units digit of u?
0
Let b(w) = -11*w + 14. Let n be b(-3). Let m = n - 46. Let f = m + 78. What is the units digit of f?
9
Suppose 5*j + 24 = 17*j. Suppose -j*r = -11*r. Suppose r = -4*d + 139 + 257. What is the tens digit of d?
9
Let d(i) = i**2 - 4*i - 15. Suppose 52*z - 54*z = -38. What is the units digit of d(z)?
0
Let x be (22/(-3) - -2)/((-5)/(-690)). Let w = x + 1074. What is the units digit of w?
8
Let q(c) = -9 - 13 + 345*c**2 + 22 + 5*c. What is the hundreds digit of q(1)?
3
Let k(m) = -59*m + 8358. What is the thousands digit of k(0)?
8
Let f(q) = 2*q**3 + 195*q**2 - 166*q + 94. What is the hundreds digit of f(-97)?
6
Let g(x) = -2 + 55*x + 7*x + 17 + 16*x. What is the units digit of g(6)?
3
Suppose 0 = 216*n - 223*n + 49245. What is the tens digit of n?
3
Suppose 69947 = 81*m - 1658026. What is the tens digit of m?
3
Let v(s) = 2*s**2 + 30*s - 322. Let f be v(8). Let k(d) = -2*d. Let r be k(2). What is the hundreds digit of (f/(-4))/((-4)/((-160)/r))?
1
Suppose 0 = -24*l + 16 + 80. Suppose -5*n + 400 = -g, -l*n + 8*n + 4*g - 320 = 0. What is the tens digit of n?
8
What is the units digit of (2/(16/6726))/((-1347)/(-3592))?
2
Let i = -219 - -107. Let x = 550 + i. What is the units digit of x?
8
Let a(d) = -38*d + 330. Let b be a(6). Suppose -57 - 27 = 2*u. Let j = u + b. What is the units digit of j?
0
Let p(f) = 10*f**2 + 104*f. Let g be p(-11). Let b = g + 10. What is the tens digit of b?
7
Suppose 265*q - 9639 = 272*q. Let k = q + 2377. What is the units digit of k?
0
Let b = 1370 - 476. Let z = b + -639. What is the hundreds digit of z?
2
What is the units digit of 13595/(-3)*18*5/(-150)?
9
Let p be (-1)/(-7) - 63804/42. Let o = 2215 + p. What is the units digit of o?
6
Let f = -421 - -476. Suppose f*z = 64*z - 7947. What is the hundreds digit of